{"id":347,"date":"2021-09-14T17:28:55","date_gmt":"2021-09-14T15:28:55","guid":{"rendered":"http:\/\/www.reliuresgrymoires.fr\/?page_id=347"},"modified":"2022-03-07T15:21:16","modified_gmt":"2022-03-07T14:21:16","slug":"les-stages","status":"publish","type":"page","link":"https:\/\/www.reliuresgrymoires.fr\/?page_id=347","title":{"rendered":"Les Stages"},"content":{"rendered":"\n<p>Trois types de stages sont propos\u00e9s dans notre atelier :<\/p>\n\n\n\n<h2 class=\"wp-block-heading\">Stage de reliure classique<\/h2>\n\n\n\n<p>Les stagiaires am\u00e8nent leur livre et vont apprendre \u00e0 en faire la r\u00e9paration et la reliure en toile, demi-cuir, demi-cuir \u00e0 coin ou plein cuir. Deux livres par personnes peuvent \u00eatre amen\u00e9s : un en toile et un dans une autre qualit\u00e9.<\/p>\n\n\n\n<div class=\"wp-block-image\"><figure class=\"aligncenter size-large is-resized\"><img loading=\"lazy\" decoding=\"async\" src=\"http:\/\/www.reliuresgrymoires.fr\/wp-content\/uploads\/2021\/09\/DSCN0741-1024x768.jpg\" alt=\"\" class=\"wp-image-348\" width=\"347\" height=\"260\" srcset=\"https:\/\/www.reliuresgrymoires.fr\/wp-content\/uploads\/2021\/09\/DSCN0741-1024x768.jpg 1024w, https:\/\/www.reliuresgrymoires.fr\/wp-content\/uploads\/2021\/09\/DSCN0741-300x225.jpg 300w, https:\/\/www.reliuresgrymoires.fr\/wp-content\/uploads\/2021\/09\/DSCN0741-768x576.jpg 768w, https:\/\/www.reliuresgrymoires.fr\/wp-content\/uploads\/2021\/09\/DSCN0741-1536x1152.jpg 1536w, https:\/\/www.reliuresgrymoires.fr\/wp-content\/uploads\/2021\/09\/DSCN0741-2048x1536.jpg 2048w, https:\/\/www.reliuresgrymoires.fr\/wp-content\/uploads\/2021\/09\/DSCN0741-510x382.jpg 510w, https:\/\/www.reliuresgrymoires.fr\/wp-content\/uploads\/2021\/09\/DSCN0741-1080x810.jpg 1080w\" sizes=\"(max-width: 347px) 100vw, 347px\" \/><\/figure><\/div>\n\n\n\n<h2 class=\"wp-block-heading\">Les Stages de reliure JDR<\/h2>\n\n\n\n<p>Les stagiaires am\u00e8nent un livre de JDR (neuf ou ab\u00eem\u00e9) et ensemble nous allons les relier avec la m\u00eame qualit\u00e9 de l&rsquo;Atelier. Chaque volume sera sign\u00e9 \u00e0 l&rsquo;or sur le cuir avec le nom du stagiaire.<\/p>\n\n\n\n<p class=\"has-text-align-center\">Le stage de f\u00e9vrier 2022 \u00e0 \u00e9t\u00e9 une r\u00e9ussite ! Voici les r\u00e9alisations des stagiaires :<\/p>\n\n\n\n<div class=\"wp-block-columns is-layout-flex wp-container-core-columns-is-layout-1 wp-block-columns-is-layout-flex\">\n<div class=\"wp-block-column is-layout-flow wp-block-column-is-layout-flow\" style=\"flex-basis:100%\">\n<div class=\"wp-block-image\"><figure class=\"aligncenter size-large is-resized\"><img loading=\"lazy\" decoding=\"async\" src=\"http:\/\/www.reliuresgrymoires.fr\/wp-content\/uploads\/2022\/03\/DSCN0060-1-1024x768.jpg\" alt=\"\" class=\"wp-image-596\" width=\"497\" height=\"373\" srcset=\"https:\/\/www.reliuresgrymoires.fr\/wp-content\/uploads\/2022\/03\/DSCN0060-1-1024x768.jpg 1024w, https:\/\/www.reliuresgrymoires.fr\/wp-content\/uploads\/2022\/03\/DSCN0060-1-300x225.jpg 300w, https:\/\/www.reliuresgrymoires.fr\/wp-content\/uploads\/2022\/03\/DSCN0060-1-768x576.jpg 768w, https:\/\/www.reliuresgrymoires.fr\/wp-content\/uploads\/2022\/03\/DSCN0060-1-1536x1152.jpg 1536w, https:\/\/www.reliuresgrymoires.fr\/wp-content\/uploads\/2022\/03\/DSCN0060-1-2048x1536.jpg 2048w, https:\/\/www.reliuresgrymoires.fr\/wp-content\/uploads\/2022\/03\/DSCN0060-1-510x382.jpg 510w, https:\/\/www.reliuresgrymoires.fr\/wp-content\/uploads\/2022\/03\/DSCN0060-1-1080x810.jpg 1080w\" sizes=\"(max-width: 497px) 100vw, 497px\" \/><figcaption>Florian : Warhammer le jeu de figurine.<\/figcaption><\/figure><\/div>\n<\/div>\n<\/div>\n\n\n\n<div class=\"wp-block-image\"><figure class=\"aligncenter size-large is-resized\"><img loading=\"lazy\" decoding=\"async\" src=\"http:\/\/www.reliuresgrymoires.fr\/wp-content\/uploads\/2022\/03\/DSCN0062-5-1024x768.jpg\" alt=\"\" class=\"wp-image-597\" width=\"493\" height=\"370\" srcset=\"https:\/\/www.reliuresgrymoires.fr\/wp-content\/uploads\/2022\/03\/DSCN0062-5-1024x768.jpg 1024w, https:\/\/www.reliuresgrymoires.fr\/wp-content\/uploads\/2022\/03\/DSCN0062-5-300x225.jpg 300w, https:\/\/www.reliuresgrymoires.fr\/wp-content\/uploads\/2022\/03\/DSCN0062-5-768x576.jpg 768w, https:\/\/www.reliuresgrymoires.fr\/wp-content\/uploads\/2022\/03\/DSCN0062-5-1536x1152.jpg 1536w, https:\/\/www.reliuresgrymoires.fr\/wp-content\/uploads\/2022\/03\/DSCN0062-5-2048x1536.jpg 2048w, https:\/\/www.reliuresgrymoires.fr\/wp-content\/uploads\/2022\/03\/DSCN0062-5-510x382.jpg 510w, https:\/\/www.reliuresgrymoires.fr\/wp-content\/uploads\/2022\/03\/DSCN0062-5-1080x810.jpg 1080w\" sizes=\"(max-width: 493px) 100vw, 493px\" \/><figcaption>Xavier : Capitaine Vaudou<\/figcaption><\/figure><\/div>\n\n\n\n<div class=\"wp-block-image\"><figure class=\"aligncenter size-large is-resized\"><img loading=\"lazy\" decoding=\"async\" src=\"http:\/\/www.reliuresgrymoires.fr\/wp-content\/uploads\/2022\/03\/DSCN0067-3-1024x768.jpg\" alt=\"\" class=\"wp-image-598\" width=\"493\" height=\"370\" srcset=\"https:\/\/www.reliuresgrymoires.fr\/wp-content\/uploads\/2022\/03\/DSCN0067-3-1024x768.jpg 1024w, https:\/\/www.reliuresgrymoires.fr\/wp-content\/uploads\/2022\/03\/DSCN0067-3-300x225.jpg 300w, https:\/\/www.reliuresgrymoires.fr\/wp-content\/uploads\/2022\/03\/DSCN0067-3-768x576.jpg 768w, https:\/\/www.reliuresgrymoires.fr\/wp-content\/uploads\/2022\/03\/DSCN0067-3-1536x1152.jpg 1536w, https:\/\/www.reliuresgrymoires.fr\/wp-content\/uploads\/2022\/03\/DSCN0067-3-2048x1536.jpg 2048w, https:\/\/www.reliuresgrymoires.fr\/wp-content\/uploads\/2022\/03\/DSCN0067-3-510x382.jpg 510w, https:\/\/www.reliuresgrymoires.fr\/wp-content\/uploads\/2022\/03\/DSCN0067-3-1080x810.jpg 1080w\" sizes=\"(max-width: 493px) 100vw, 493px\" \/><figcaption>Laurent : livre blanc Cthulhu<\/figcaption><\/figure><\/div>\n\n\n\n<div class=\"wp-block-image\"><figure class=\"aligncenter size-large is-resized\"><img loading=\"lazy\" decoding=\"async\" src=\"http:\/\/www.reliuresgrymoires.fr\/wp-content\/uploads\/2022\/03\/DSCN0069-1-1024x768.jpg\" alt=\"\" class=\"wp-image-599\" width=\"487\" height=\"365\" srcset=\"https:\/\/www.reliuresgrymoires.fr\/wp-content\/uploads\/2022\/03\/DSCN0069-1-1024x768.jpg 1024w, https:\/\/www.reliuresgrymoires.fr\/wp-content\/uploads\/2022\/03\/DSCN0069-1-300x225.jpg 300w, https:\/\/www.reliuresgrymoires.fr\/wp-content\/uploads\/2022\/03\/DSCN0069-1-768x576.jpg 768w, https:\/\/www.reliuresgrymoires.fr\/wp-content\/uploads\/2022\/03\/DSCN0069-1-1536x1152.jpg 1536w, https:\/\/www.reliuresgrymoires.fr\/wp-content\/uploads\/2022\/03\/DSCN0069-1-2048x1536.jpg 2048w, https:\/\/www.reliuresgrymoires.fr\/wp-content\/uploads\/2022\/03\/DSCN0069-1-510x382.jpg 510w, https:\/\/www.reliuresgrymoires.fr\/wp-content\/uploads\/2022\/03\/DSCN0069-1-1080x810.jpg 1080w\" sizes=\"(max-width: 487px) 100vw, 487px\" \/><figcaption>Xavier : L&rsquo;appel de Cthulhu<\/figcaption><\/figure><\/div>\n\n\n\n<div class=\"wp-block-image\"><figure class=\"aligncenter size-large is-resized\"><img loading=\"lazy\" decoding=\"async\" src=\"http:\/\/www.reliuresgrymoires.fr\/wp-content\/uploads\/2022\/03\/DSCN0072-1024x768.jpg\" alt=\"\" class=\"wp-image-600\" width=\"480\" height=\"360\" srcset=\"https:\/\/www.reliuresgrymoires.fr\/wp-content\/uploads\/2022\/03\/DSCN0072-1024x768.jpg 1024w, https:\/\/www.reliuresgrymoires.fr\/wp-content\/uploads\/2022\/03\/DSCN0072-300x225.jpg 300w, https:\/\/www.reliuresgrymoires.fr\/wp-content\/uploads\/2022\/03\/DSCN0072-768x576.jpg 768w, https:\/\/www.reliuresgrymoires.fr\/wp-content\/uploads\/2022\/03\/DSCN0072-1536x1152.jpg 1536w, https:\/\/www.reliuresgrymoires.fr\/wp-content\/uploads\/2022\/03\/DSCN0072-2048x1536.jpg 2048w, https:\/\/www.reliuresgrymoires.fr\/wp-content\/uploads\/2022\/03\/DSCN0072-510x382.jpg 510w, https:\/\/www.reliuresgrymoires.fr\/wp-content\/uploads\/2022\/03\/DSCN0072-1080x810.jpg 1080w\" sizes=\"(max-width: 480px) 100vw, 480px\" \/><figcaption>Gaelle : livre blanc interdimensionnel<\/figcaption><\/figure><\/div>\n\n\n\n<div class=\"wp-block-image\"><figure class=\"aligncenter size-large is-resized\"><img loading=\"lazy\" decoding=\"async\" src=\"http:\/\/www.reliuresgrymoires.fr\/wp-content\/uploads\/2022\/03\/DSCN0065-1024x768.jpg\" alt=\"\" class=\"wp-image-601\" width=\"481\" height=\"361\" srcset=\"https:\/\/www.reliuresgrymoires.fr\/wp-content\/uploads\/2022\/03\/DSCN0065-1024x768.jpg 1024w, https:\/\/www.reliuresgrymoires.fr\/wp-content\/uploads\/2022\/03\/DSCN0065-300x225.jpg 300w, https:\/\/www.reliuresgrymoires.fr\/wp-content\/uploads\/2022\/03\/DSCN0065-768x576.jpg 768w, https:\/\/www.reliuresgrymoires.fr\/wp-content\/uploads\/2022\/03\/DSCN0065-1536x1152.jpg 1536w, https:\/\/www.reliuresgrymoires.fr\/wp-content\/uploads\/2022\/03\/DSCN0065-2048x1536.jpg 2048w, https:\/\/www.reliuresgrymoires.fr\/wp-content\/uploads\/2022\/03\/DSCN0065-510x382.jpg 510w, https:\/\/www.reliuresgrymoires.fr\/wp-content\/uploads\/2022\/03\/DSCN0065-1080x810.jpg 1080w\" sizes=\"(max-width: 481px) 100vw, 481px\" \/><figcaption>Gaelle : livre blanc \u00e0 la patte de coq<\/figcaption><\/figure><\/div>\n\n\n\n<div class=\"wp-block-image\"><figure class=\"aligncenter size-large is-resized\"><img loading=\"lazy\" decoding=\"async\" src=\"http:\/\/www.reliuresgrymoires.fr\/wp-content\/uploads\/2022\/03\/DSCN0070-1024x768.jpg\" alt=\"\" class=\"wp-image-602\" width=\"480\" height=\"360\" srcset=\"https:\/\/www.reliuresgrymoires.fr\/wp-content\/uploads\/2022\/03\/DSCN0070-1024x768.jpg 1024w, https:\/\/www.reliuresgrymoires.fr\/wp-content\/uploads\/2022\/03\/DSCN0070-300x225.jpg 300w, https:\/\/www.reliuresgrymoires.fr\/wp-content\/uploads\/2022\/03\/DSCN0070-768x576.jpg 768w, https:\/\/www.reliuresgrymoires.fr\/wp-content\/uploads\/2022\/03\/DSCN0070-1536x1152.jpg 1536w, https:\/\/www.reliuresgrymoires.fr\/wp-content\/uploads\/2022\/03\/DSCN0070-2048x1536.jpg 2048w, https:\/\/www.reliuresgrymoires.fr\/wp-content\/uploads\/2022\/03\/DSCN0070-510x382.jpg 510w, https:\/\/www.reliuresgrymoires.fr\/wp-content\/uploads\/2022\/03\/DSCN0070-1080x810.jpg 1080w\" sizes=\"(max-width: 480px) 100vw, 480px\" \/><figcaption>Florian : Livre blanc \u00e0 la chouette mosa\u00efqu\u00e9e.<\/figcaption><\/figure><\/div>\n\n\n\n<p>Vous trouverez le d\u00e9fil\u00e9 de nos stagiaires avec leurs ouvrages en cliquant sur ce lien : <a href=\"https:\/\/fb.watch\/bBN7AYMIIg\/\">https:\/\/fb.watch\/bBN7AYMIIg\/<\/a><\/p>\n\n\n\n<p class=\"has-text-align-center\">STAGE  2019<\/p>\n\n\n\n<div class=\"wp-block-image\"><figure class=\"aligncenter size-large is-resized\"><img loading=\"lazy\" decoding=\"async\" src=\"http:\/\/www.reliuresgrymoires.fr\/wp-content\/uploads\/2021\/09\/103716501_2402867956677635_3920446672658052939_n-1024x768.jpg\" alt=\"\" class=\"wp-image-349\" width=\"393\" height=\"295\" srcset=\"https:\/\/www.reliuresgrymoires.fr\/wp-content\/uploads\/2021\/09\/103716501_2402867956677635_3920446672658052939_n-1024x768.jpg 1024w, https:\/\/www.reliuresgrymoires.fr\/wp-content\/uploads\/2021\/09\/103716501_2402867956677635_3920446672658052939_n-300x225.jpg 300w, https:\/\/www.reliuresgrymoires.fr\/wp-content\/uploads\/2021\/09\/103716501_2402867956677635_3920446672658052939_n-768x576.jpg 768w, https:\/\/www.reliuresgrymoires.fr\/wp-content\/uploads\/2021\/09\/103716501_2402867956677635_3920446672658052939_n-1536x1152.jpg 1536w, https:\/\/www.reliuresgrymoires.fr\/wp-content\/uploads\/2021\/09\/103716501_2402867956677635_3920446672658052939_n-510x382.jpg 510w, https:\/\/www.reliuresgrymoires.fr\/wp-content\/uploads\/2021\/09\/103716501_2402867956677635_3920446672658052939_n-1080x810.jpg 1080w, https:\/\/www.reliuresgrymoires.fr\/wp-content\/uploads\/2021\/09\/103716501_2402867956677635_3920446672658052939_n.jpg 1728w\" sizes=\"(max-width: 393px) 100vw, 393px\" \/><figcaption>2019 : Les premiers stagiaires pour la Reliure JDR ont r\u00e9alis\u00e9s leur reliure pour Ars Magica et Knight<\/figcaption><\/figure><\/div>\n","protected":false},"excerpt":{"rendered":"<p>Trois types de stages sont propos\u00e9s dans notre atelier : Stage de reliure classique Les stagiaires am\u00e8nent leur livre et vont apprendre \u00e0 en faire la r\u00e9paration et la reliure en toile, demi-cuir, demi-cuir \u00e0 coin ou plein cuir. Deux livres par personnes peuvent \u00eatre amen\u00e9s : un en toile et un dans une autre [&hellip;]<\/p>\n","protected":false},"author":2,"featured_media":0,"parent":0,"menu_order":0,"comment_status":"closed","ping_status":"closed","template":"","meta":{"footnotes":""},"_links":{"self":[{"href":"https:\/\/www.reliuresgrymoires.fr\/index.php?rest_route=\/wp\/v2\/pages\/347"}],"collection":[{"href":"https:\/\/www.reliuresgrymoires.fr\/index.php?rest_route=\/wp\/v2\/pages"}],"about":[{"href":"https:\/\/www.reliuresgrymoires.fr\/index.php?rest_route=\/wp\/v2\/types\/page"}],"author":[{"embeddable":true,"href":"https:\/\/www.reliuresgrymoires.fr\/index.php?rest_route=\/wp\/v2\/users\/2"}],"replies":[{"embeddable":true,"href":"https:\/\/www.reliuresgrymoires.fr\/index.php?rest_route=%2Fwp%2Fv2%2Fcomments&post=347"}],"version-history":[{"count":3,"href":"https:\/\/www.reliuresgrymoires.fr\/index.php?rest_route=\/wp\/v2\/pages\/347\/revisions"}],"predecessor-version":[{"id":605,"href":"https:\/\/www.reliuresgrymoires.fr\/index.php?rest_route=\/wp\/v2\/pages\/347\/revisions\/605"}],"wp:attachment":[{"href":"https:\/\/www.reliuresgrymoires.fr\/index.php?rest_route=%2Fwp%2Fv2%2Fmedia&parent=347"}],"curies":[{"name":"wp","href":"https:\/\/api.w.org\/{rel}","templated":true}]}}